{"id":1197,"date":"2018-05-27T19:05:41","date_gmt":"2018-05-27T19:05:41","guid":{"rendered":"https:\/\/www.associationpierre.org\/LaRoue\/?page_id=1197"},"modified":"2025-12-29T17:45:52","modified_gmt":"2025-12-29T16:45:52","slug":"objectif","status":"publish","type":"page","link":"https:\/\/associationpierre.org\/LaRoue\/?page_id=1197","title":{"rendered":"Objectif"},"content":{"rendered":"\t\t<div data-elementor-type=\"wp-page\" data-elementor-id=\"1197\" class=\"elementor elementor-1197\">\n\t\t\t\t\t\t<section class=\"elementor-section elementor-top-section elementor-element elementor-element-23a01 elementor-section-boxed elementor-section-height-default elementor-section-height-default\" data-id=\"23a01\" data-element_type=\"section\">\n\t\t\t\t\t\t<div class=\"elementor-container elementor-column-gap-default\">\n\t\t\t\t\t<div class=\"elementor-column elementor-col-100 elementor-top-column elementor-element elementor-element-574074dc\" data-id=\"574074dc\" data-element_type=\"column\">\n\t\t\t<div class=\"elementor-widget-wrap elementor-element-populated\">\n\t\t\t\t\t\t<div class=\"elementor-element elementor-element-73978f75 elementor-widget elementor-widget-text-editor\" data-id=\"73978f75\" data-element_type=\"widget\" data-widget_type=\"text-editor.default\">\n\t\t\t\t<div class=\"elementor-widget-container\">\n\t\t\t\t\t\t\t\t\t<p style=\"text-align: center;\">Notre travail consiste en de nombreuses choses.<\/p><p style=\"text-align: center;\">La premi\u00e8re et la plus importante est de nettoyer le site. De le faire d\u00e9couvrir \u00e0 nouveau aux curieux et autres amateurs de ch\u00e2teaux en France.<\/p><p><img fetchpriority=\"high\" decoding=\"async\" class=\"alignnone size-medium wp-image-930 aligncenter\" src=\"https:\/\/associationpierre.org\/LaRoue\/wp-content\/uploads\/2018\/03\/IMG_0349-2-300x225.jpg\" alt=\"\" width=\"300\" height=\"225\" srcset=\"https:\/\/associationpierre.org\/LaRoue\/wp-content\/uploads\/2018\/03\/IMG_0349-2-300x225.jpg 300w, https:\/\/associationpierre.org\/LaRoue\/wp-content\/uploads\/2018\/03\/IMG_0349-2-768x576.jpg 768w, https:\/\/associationpierre.org\/LaRoue\/wp-content\/uploads\/2018\/03\/IMG_0349-2-1024x768.jpg 1024w\" sizes=\"(max-width: 300px) 100vw, 300px\" \/><\/p><p style=\"text-align: center;\">Notre \u00e9quipe se regroupe d\u00e8s que possible en petit comit\u00e9 ou en grand groupe.<\/p><p><img decoding=\"async\" class=\"alignnone size-medium wp-image-1101 aligncenter\" src=\"https:\/\/associationpierre.org\/LaRoue\/wp-content\/uploads\/2018\/04\/20180410_165856-e1523443362559-225x300.jpg\" alt=\"\" width=\"225\" height=\"300\" srcset=\"https:\/\/associationpierre.org\/LaRoue\/wp-content\/uploads\/2018\/04\/20180410_165856-e1523443362559-225x300.jpg 225w, https:\/\/associationpierre.org\/LaRoue\/wp-content\/uploads\/2018\/04\/20180410_165856-e1523443362559-768x1024.jpg 768w\" sizes=\"(max-width: 225px) 100vw, 225px\" \/><\/p><p>En 2019, l&rsquo;objectif est d&rsquo;am\u00e9liorer de la s\u00e9curit\u00e9 du site.<br \/>Les travaux de d\u00e9frichages que nous effectuerons entre la 1<sup>\u00e8re<\/sup>\u00a0et la 2<sup>\u00e8me<\/sup>\u00a0 enceinte permettront un meilleur acc\u00e8s tout autour du ch\u00e2teau mais r\u00e9v\u00e9leront des dangers. Le but consiste \u00e0 installer des barri\u00e8res sous l\u2019angle Sud-ouest et sous le rempart Ouest \u00e9croul\u00e9s, afin qu\u2019aucun visiteur ne s\u2019en approche de trop pr\u00e8s.<\/p>\t\t\t\t\t\t\t\t<\/div>\n\t\t\t\t<\/div>\n\t\t\t\t\t<\/div>\n\t\t<\/div>\n\t\t\t\t\t<\/div>\n\t\t<\/section>\n\t\t\t\t<\/div>\n\t\t","protected":false},"excerpt":{"rendered":"<p>Notre travail consiste en de nombreuses choses. La premi\u00e8re et la plus importante est de nettoyer le site. De le faire d\u00e9couvrir \u00e0 nouveau aux curieux et autres amateurs de ch\u00e2teaux en France. Notre \u00e9quipe se regroupe d\u00e8s que possible en petit comit\u00e9 ou en grand groupe. En 2019, l&rsquo;objectif est d&rsquo;am\u00e9liorer de la s\u00e9curit\u00e9 &hellip; <\/p>\n<p class=\"link-more\"><a href=\"https:\/\/associationpierre.org\/LaRoue\/?page_id=1197\" class=\"read-more\">Read More<span class=\"screen-reader-text\"> \u00ab\u00a0Objectif\u00a0\u00bb<\/span><\/a><\/p>\n","protected":false},"author":2,"featured_media":0,"parent":0,"menu_order":0,"comment_status":"closed","ping_status":"closed","template":"","meta":{"footnotes":""},"class_list":["post-1197","page","type-page","status-publish","hentry"],"_links":{"self":[{"href":"https:\/\/associationpierre.org\/LaRoue\/index.php?rest_route=\/wp\/v2\/pages\/1197","targetHints":{"allow":["GET"]}}],"collection":[{"href":"https:\/\/associationpierre.org\/LaRoue\/index.php?rest_route=\/wp\/v2\/pages"}],"about":[{"href":"https:\/\/associationpierre.org\/LaRoue\/index.php?rest_route=\/wp\/v2\/types\/page"}],"author":[{"embeddable":true,"href":"https:\/\/associationpierre.org\/LaRoue\/index.php?rest_route=\/wp\/v2\/users\/2"}],"replies":[{"embeddable":true,"href":"https:\/\/associationpierre.org\/LaRoue\/index.php?rest_route=%2Fwp%2Fv2%2Fcomments&post=1197"}],"version-history":[{"count":5,"href":"https:\/\/associationpierre.org\/LaRoue\/index.php?rest_route=\/wp\/v2\/pages\/1197\/revisions"}],"predecessor-version":[{"id":1337,"href":"https:\/\/associationpierre.org\/LaRoue\/index.php?rest_route=\/wp\/v2\/pages\/1197\/revisions\/1337"}],"wp:attachment":[{"href":"https:\/\/associationpierre.org\/LaRoue\/index.php?rest_route=%2Fwp%2Fv2%2Fmedia&parent=1197"}],"curies":[{"name":"wp","href":"https:\/\/api.w.org\/{rel}","templated":true}]}}